1*f + 198 = -35*f. What is the highest common divisor of f and 506?
11
Let d = -1134 + 1139. Calculate the greatest common factor of d and 125.
5
Let f = -4 - 4. Let m be (-6*(-4)/f)/(1/(-3)). What is the highest common factor of 9 and m?
9
Let x = 169 - 109. What is the greatest common divisor of 420 and x?
60
Let i be 8/(-12) - 232/12. Let h = 22 + i. Suppose -h*k + 256 = 2*k. What is the greatest common factor of k and 8?
8
Let j = 251 + -213. What is the highest common factor of 1311 and j?
19
Suppose -2*q - 5*m + 12 = 0, 0 = -3*q + 3*m + 2*m + 43. Suppose -10 - q = -a. Calculate the highest common divisor of a and 84.
21
Suppose -94*z + 91*z - 1 = -5*y, y + 18 = 2*z. Let x(k) = 21*k - 9. Let v be x(6). What is the highest common factor of z and v?
13
Suppose 32*z + 58 = 34*z. Let v = -17 + z. What is the greatest common divisor of 6 and v?
6
Let l(n) = -14*n + 8. Suppose -2*p - 30 = 3*p. Let y be l(p). What is the greatest common factor of y and 23?
23
Suppose 4*h = -5*c + 102 + 4141, 2*h - 4 = 0. What is the greatest common factor of c and 7?
7
Let t = 2671 - 2258. Calculate the greatest common divisor of t and 118.
59
Let r(i) = i**2 + 2*i**2 - 4*i**2 + i. Let w be r(1). Suppose 21 = d - w*d. What is the greatest common factor of d and 3?
3
Suppose -2*z = -17 - 37. Let s = 27 - z. Suppose -3*n + 90 = -s*n. Calculate the greatest common divisor of n and 45.
15
Suppose 0 = 4*y - 12, 0 = 5*l + 183*y - 187*y - 318. Calculate the highest common divisor of l and 6.
6
Let s be 0 - (7 - -1)/(-2). Suppose 0 = -s*n + 238 - 78. What is the greatest common factor of 10 and n?
10
Let z = 11 - 8. Suppose 4*p + 16 = 0, 0 = -0*f - 2*f + 2*p - 28. Let q be 4/(-8)*f/z. Calculate the highest common divisor of q and 21.
3
Let j be (0 + -2)*(-18)/4. Suppose -m + j + 9 = 0. Let a = 282 - 192. What is the greatest common factor of a and m?
18
Let y be -4 + (3 - -3*8). Suppose q - o - 12 = 0, 0 = -2*q - o + y + 13. Calculate the highest common divisor of q and 24.
8
Suppose -139 - 50 = -3*u. Let r = -1063 - -1105. Calculate the greatest common divisor of u and r.
21
Let i = 40 + -77. Suppose 154 = 271*k - 273*k. Let g = i - k. Calculate the greatest common divisor of 16 and g.
8
Let z = -123 - -143. Calculate the greatest common divisor of z and 45.
5
Let m be ((-2660)/(-15))/(4/6) - 2. Calculate the greatest common factor of m and 88.
88
Let p be (-1 + 0)*(-110 + 17). Let i = p - 90. Calculate the greatest common factor of i and 27.
3
Let s = -1682 + 1690. What is the highest common divisor of s and 428?
4
Suppose m - 2*m = 12*m. Suppose m = -2*o + 12*o - 60. Calculate the greatest common divisor of o and 120.
6
Let k(i) = -4*i. Let u be k(-3). Suppose -73*l + 396 = -79*l. Let w be (-72*-1*2)/((-99)/l). Calculate the greatest common divisor of u and w.
12
Let k = 829 - 622. What is the highest common factor of 23 and k?
23
Let k be (12/(-22))/3 - 10876/(-44). What is the greatest common factor of k and 38?
19
Suppose -4*u - 8 + 16 = 0. Suppose 970 = 5*n - 5*z, u*n + 5*z = -n + 550. Let t be n/15*(-6)/(-4). What is the greatest common divisor of 57 and t?
19
Suppose -9*t + 1585 - 109 = 0. Calculate the greatest common factor of 287 and t.
41
Suppose -5*l + 417 = 4*a, 0 = 7*a - 4*a - 4*l - 305. Suppose -a = -5*g + 47. What is the greatest common divisor of g and 30?
30
Suppose -38 = 3*j - 7*j - 2*l, -8 = j + 4*l. Suppose 0 = 3*v - o + 65 + 47, 4*v = -2*o - 156. Let h = 41 + v. Calculate the greatest common divisor of j and h.
3
Suppose 0 = -4*p - 7*p + 154. Let u(q) = q**3 - 15*q**2 + 16*q - 16. Let a be u(p). What is the highest common factor of 30 and a?
6
Suppose 0 = 2*a - 2*b + 2, 3*a - 4*b = b - 13. Let y be a/18 - (-665)/45. What is the highest common divisor of 135 and y?
15
Let v = 1159 + -1132. Let g be (6*18)/(2/4). Calculate the greatest common divisor of v and g.
27
Let y = 73 - -11. Suppose 0 = -3*a - 1 - 2. Let r be (-74)/(-6) - a/(-3). What is the greatest common divisor of r and y?
12
Let u(x) = x**3 + 3 + 3*x**2 + 9*x + 3*x**2 - 2*x**3. Let n be u(7). What is the highest common factor of n and 119?
17
Suppose 2*v - 18 = -10. Suppose -v*y + 39 = z, -2*y + 120 = 5*z + 3*y. What is the greatest common divisor of z and 190?
19
Suppose -h + 7*k + 1131 = 8*k, -4*h + 4545 = -3*k. Calculate the greatest common divisor of 54 and h.
54
Let r = 320 - 314. Calculate the highest common divisor of r and 282.
6
Suppose -26 = 2*h - 2*k, 2*h + 2*k + 24 = -h. Let y = -8 - h. Suppose -3*s - 2*s - y*c + 90 = 0, 3*c = 3*s - 54. What is the greatest common factor of s and 90?
18
Suppose q = -9 + 19. What is the highest common divisor of q and 10?
10
Let p be (-10)/(-3)*(-108)/(-90). Suppose -6*h = -h + 25, 29 = k - p*h. Calculate the highest common factor of 1 and k.
1
Let h = 73 + -7. What is the highest common divisor of h and 330?
66
Suppose 5*v + 24*v = 1682. What is the greatest common factor of v and 522?
58
Suppose g = 75*u - 77*u + 58, -u - 1 = 0. Let x be (1 - 0)/(1/3). Let s = x - -9. What is the greatest common divisor of s and g?
12
Let h = 655 + -653. What is the greatest common divisor of h and 7?
1
Suppose 4*c - 5*c - 5*z + 34 = 0, 5*z + 86 = 4*c. Let n = -1093 + 1096. What is the greatest common divisor of n and c?
3
Let m be ((-2523)/(-116))/((-9)/(-1356)). Calculate the highest common factor of 113 and m.
113
Suppose 4*n = -75*n + 711. Calculate the highest common divisor of n and 105.
3
Suppose -9 = 2*n - 3*n + 5*d, 4*n = 3*d + 19. Let f(u) = 4*u**2 + 14*u - 3. Let z be f(n). Calculate the greatest common divisor of 9 and z.
9
Suppose -7*q = -5*q + 2*h - 1702, -4*q = 5*h - 3399. Calculate the highest common factor of 8 and q.
8
Suppose -2*o + 288 = -0*o. Suppose -41 = l - o. Let f = l - 63. What is the highest common factor of 16 and f?
8
Suppose 8*g + 64 = -8. Let w = 8 - g. What is the greatest common divisor of w and 119?
17
Suppose 2*z = m + 5*z - 28, -3*m - 2*z = -84. What is the highest common factor of m and 70?
14
Suppose r - 12 = -r. Suppose -2*s - 41 = -r*s - 3*b, 5*b - 23 = -s. Calculate the greatest common divisor of s and 16.
8
Let b be (205/(-82))/((-2)/(-4)*-1). Suppose 0 = 3*a - 2*a - b. Calculate the highest common divisor of a and 45.
5
Suppose r - 3*r - 3*h - 6 = 0, 2*h = -8. Suppose r*s - 11 = 25. What is the highest common divisor of s and 42?
6
Let a(z) = z**3 + 18*z**2 - 2*z + 8. Let k be a(-18). Let o = k + -24. Suppose -18 = 2*c - 418. What is the greatest common factor of c and o?
20
Let v be (-44)/(-3)*18/4. Calculate the highest common factor of v and 132.
66
Suppose -u = 4*u - 200. Suppose s + 62 = 4*i, 58 - 6 = 3*i + 2*s. Calculate the greatest common divisor of i and u.
8
Suppose 3*q + 0 = 6, 2*f - 2*q - 16 = 0. Suppose 0 = -3*g + g + f. Let n = 3 + g. Calculate the greatest common factor of 1 and n.
1
Suppose 94 = k - 26. Calculate the highest common factor of k and 80.
40
Suppose 2*t - 86 = 2. Let y(w) = 90*w - 1644. Let u be y(19). Calculate the highest common factor of u and t.
22
Suppose -3 = -3*x, 5*o - 10 = -3*x + 373. Let v = -10921 - -10959. Calculate the highest common divisor of o and v.
38
Let w be (-6 - -2) + 0 - -103. Suppose 2*z = d + 25, 3*d = -10 + 1. Calculate the highest common divisor of z and w.
11
Let w(f) = -f**3 + 14*f**2 - 15*f + 26. Let v be w(13). Let m be (10 + -3 - -4) + v. What is the greatest common divisor of m and 275?
11
Suppose -u = 5*u - 24. Suppose 0 = 4*a + 2*t - 34, u*a + 2*t - 4*t = 38. What is the highest common divisor of a and 3?
3
Let h = 490 + -455. Calculate the highest common factor of 56 and h.
7
Let u be (-792)/12*((-3)/3)/3. What is the greatest common factor of 176 and u?
22
Let d(a) = -a**3 - 9*a**2 - 27*a - 12. Let b be (-38)/6 + (14/6)/7. Let y be d(b). What is the greatest common divisor of y and 28?
14
Suppose -30*m + 8568 = -12*m. Calculate the greatest common factor of m and 140.
28
Suppose 28*x = 35*x - 385. Let q(s) = 23*s**2 - 2*s + 1. Let f be q(1). Calculate the greatest common divisor of x and f.
11
Suppose 15 = 7*z + 8. Let m(b) = 126*b**3 - 2*b**2 - b + 2. Let p be m(z). Calculate the highest common divisor of 5 and p.
5
Suppose 2*q = 2*l + q - 5, -4*q + 4 = -2*l. What is the highest common factor of 1 and l?
1
Suppose -n - 1 = -25. Suppose 64 = 4